66.249.65.32 - - [22/Jun/2026:05:32:18 -0700] "GET /?product/review/38055346171100 HTTP/1.1" 200 17356 "-" "Mozilla/5.0 (Linux; Android 6.0.1; Nexus 5X Build/MMB29P) AppleWebKit/537.36 (KHTML, like Gecko) Chrome/148.0.7778.96 Mobile Safari/537.36 (compatible; Googlebot/2.1; +http://www.google.com/bot.html)" 829 **0/829041**
216.73.217.92 - - [22/Jun/2026:05:32:20 -0700] "GET /?fileloc=%2Fhome%2Fwynnelaw5142%2Fpublic_html%2Frobots.txt&path=%2Fhome%2Fwynnelaw5142%2Fpublic_html HTTP/2.0" 200 85 "-" "Mozilla/5.0 AppleWebKit/537.36 (KHTML, like Gecko; compatible; ClaudeBot/1.0; +claudebot@anthropic.com)" 178 **0/178212**
74.7.229.116 - - [22/Jun/2026:05:32:21 -0700] "GET /?fileloc=/home/wynnelaw5142/public_html/google582566b8f7d45475.html&path=/home/wynnelaw5142/public_html HTTP/2.0" 415 83102 "https://wynnelawfirm.com/?product%2Fcategory%2Fview_more%2F12083930251100" "Mozilla/5.0 (Macintosh; Intel Mac OS X 10_15_7) AppleWebKit/537.36 (KHTML, like Gecko) Chrome/131.0.0.0 Safari/537.36; compatible; OAI-SearchBot/1.4; +https://openai.com/searchbot" 262 **0/262065**
66.249.65.33 - - [22/Jun/2026:05:32:22 -0700] "GET /?product/category/view_more/46612298491100 HTTP/1.1" 200 17538 "-" "Mozilla/5.0 (Linux; Android 6.0.1; Nexus 5X Build/MMB29P) AppleWebKit/537.36 (KHTML, like Gecko) Chrome/148.0.7778.96 Mobile Safari/537.36 (compatible; Googlebot/2.1; +http://www.google.com/bot.html)" 775 **0/775310**
74.7.243.50 - - [22/Jun/2026:05:32:23 -0700] "GET /?path=/home/wynnelaw5142/public_html/cgi-bin HTTP/2.0" 415 83102 "https://wynnelawfirm.com/?product%2Fcategory%2Fview_more%2F12083930251100" "Mozilla/5.0 (Macintosh; Intel Mac OS X 10_15_7) AppleWebKit/537.36 (KHTML, like Gecko) Chrome/131.0.0.0 Safari/537.36; compatible; OAI-SearchBot/1.4; +https://openai.com/searchbot" 182 **0/182051**
4.7.136.162 - - [22/Jun/2026:05:32:24 -0700] "GET /?l=22424138431100 HTTP/2.0" 301 - "https://www.google.com/" "Mozilla/5.0 (Windows NT 10.0; Win64; x64) AppleWebKit/537.36 (KHTML, like Gecko) Chrome/149.0.0.0 Safari/537.36" 181 **0/181868**
66.249.65.33 - - [22/Jun/2026:05:32:25 -0700] "GET /?product/review/12867161551100 HTTP/1.1" 200 17184 "-" "Mozilla/5.0 (Linux; Android 6.0.1; Nexus 5X Build/MMB29P) AppleWebKit/537.36 (KHTML, like Gecko) Chrome/148.0.7778.96 Mobile Safari/537.36 (compatible; Googlebot/2.1; +http://www.google.com/bot.html)" 644 **0/644207**
74.7.228.246 - - [22/Jun/2026:05:32:26 -0700] "GET /?fileloc=/home/wynnelaw5142/public_html/.htaccess.bak-20260611&path=/home/wynnelaw5142/public_html HTTP/2.0" 200 2845 "https://wynnelawfirm.com/?product%2Fcategory%2Fview_more%2F12083930251100" "Mozilla/5.0 (Macintosh; Intel Mac OS X 10_15_7) AppleWebKit/537.36 (KHTML, like Gecko) Chrome/131.0.0.0 Safari/537.36; compatible; OAI-SearchBot/1.4; +https://openai.com/searchbot" 249 **0/249448**
66.249.65.33 - - [22/Jun/2026:05:32:26 -0700] "GET /?productSearch/pictureSearch?id=27977760331100 HTTP/1.1" 200 17528 "-" "Mozilla/5.0 (Linux; Android 6.0.1; Nexus 5X Build/MMB29P) AppleWebKit/537.36 (KHTML, like Gecko) Chrome/148.0.7778.96 Mobile Safari/537.36 (compatible; Googlebot/2.1; +http://www.google.com/bot.html)" 707 **0/707454**
66.249.65.33 - - [22/Jun/2026:05:32:28 -0700] "GET /?shop/sold?id=top58394597011100 HTTP/1.1" 200 18045 "-" "Mozilla/5.0 (Linux; Android 6.0.1; Nexus 5X Build/MMB29P) AppleWebKit/537.36 (KHTML, like Gecko) Chrome/148.0.7778.96 Mobile Safari/537.36 (compatible; Googlebot/2.1; +http://www.google.com/bot.html)" 511 **0/511280**
66.249.65.33 - - [22/Jun/2026:05:32:28 -0700] "GET /?l=41766122671100 HTTP/1.1" 200 17961 "-" "Mozilla/5.0 (Linux; Android 6.0.1; Nexus 5X Build/MMB29P) AppleWebKit/537.36 (KHTML, like Gecko) Chrome/148.0.7778.96 Mobile Safari/537.36 (compatible; GoogleOther)" 1173 **1/1173406**
74.7.229.117 - - [22/Jun/2026:05:32:29 -0700] "GET /?fileloc=/home/wynnelaw5142/public_html/goods.php&path=/home/wynnelaw5142/public_html HTTP/2.0" 415 83102 "https://wynnelawfirm.com/?product%2Fcategory%2Fview_more%2F12083930251100" "Mozilla/5.0 (Macintosh; Intel Mac OS X 10_15_7) AppleWebKit/537.36 (KHTML, like Gecko) Chrome/131.0.0.0 Safari/537.36; compatible; OAI-SearchBot/1.4; +https://openai.com/searchbot" 261 **0/261221**
74.7.228.246 - - [22/Jun/2026:05:32:31 -0700] "GET /?fileloc=/home/wynnelaw5142/public_html/wp-blog-header.php&path=/home/wynnelaw5142/public_html HTTP/2.0" 200 2732 "https://wynnelawfirm.com/?product%2Fcategory%2Fview_more%2F12083930251100" "Mozilla/5.0 (Macintosh; Intel Mac OS X 10_15_7) AppleWebKit/537.36 (KHTML, like Gecko) Chrome/131.0.0.0 Safari/537.36; compatible; OAI-SearchBot/1.4; +https://openai.com/searchbot" 232 **0/232063**
66.249.65.33 - - [22/Jun/2026:05:32:32 -0700] "GET /?product/category/view_more/1961307511100 HTTP/1.1" 200 16961 "-" "Mozilla/5.0 (Linux; Android 6.0.1; Nexus 5X Build/MMB29P) AppleWebKit/537.36 (KHTML, like Gecko) Chrome/148.0.7778.96 Mobile Safari/537.36 (compatible; Googlebot/2.1; +http://www.google.com/bot.html)" 419 **0/419387**
168.144.187.130 - - [22/Jun/2026:05:32:33 -0700] "GET / HTTP/1.1" 200 4725 "-" "Mozilla/5.0 (X11; Linux x86_64; rv:142.0) Gecko/20100101 Firefox/142.0" 171 **0/171935**
74.7.229.132 - - [22/Jun/2026:05:32:34 -0700] "GET /?fileloc=/home/wynnelaw5142/public_html/readme.html&path=/home/wynnelaw5142/public_html HTTP/2.0" 415 83102 "https://wynnelawfirm.com/?product%2Fcategory%2Fview_more%2F12083930251100" "Mozilla/5.0 (Macintosh; Intel Mac OS X 10_15_7) AppleWebKit/537.36 (KHTML, like Gecko) Chrome/131.0.0.0 Safari/537.36; compatible; OAI-SearchBot/1.4; +https://openai.com/searchbot" 281 **0/281766**
66.249.65.33 - - [22/Jun/2026:05:32:34 -0700] "GET /?productSearch/pictureSearch?id=54545189011100 HTTP/1.1" 200 17222 "-" "Mozilla/5.0 (Linux; Android 6.0.1; Nexus 5X Build/MMB29P) AppleWebKit/537.36 (KHTML, like Gecko) Chrome/148.0.7778.96 Mobile Safari/537.36 (compatible; Googlebot/2.1; +http://www.google.com/bot.html)" 693 **0/693795**
66.249.65.33 - - [22/Jun/2026:05:32:34 -0700] "GET /?l=17459986471100 HTTP/1.1" 200 17431 "-" "Mozilla/5.0 (Linux; Android 6.0.1; Nexus 5X Build/MMB29P) AppleWebKit/537.36 (KHTML, like Gecko) Chrome/148.0.7778.96 Mobile Safari/537.36 (compatible; GoogleOther)" 444 **0/444582**
66.249.65.32 - - [22/Jun/2026:05:32:35 -0700] "GET /?shop/sold?id=top44076060871100 HTTP/1.1" 200 17360 "-" "Mozilla/5.0 (Linux; Android 6.0.1; Nexus 5X Build/MMB29P) AppleWebKit/537.36 (KHTML, like Gecko) Chrome/148.0.7778.96 Mobile Safari/537.36 (compatible; Googlebot/2.1; +http://www.google.com/bot.html)" 734 **0/734501**
74.7.228.246 - - [22/Jun/2026:05:32:36 -0700] "GET /?path=/ HTTP/2.0" 200 3303 "https://wynnelawfirm.com/?product%2Fcategory%2Fview_more%2F12083930251100" "Mozilla/5.0 (Macintosh; Intel Mac OS X 10_15_7) AppleWebKit/537.36 (KHTML, like Gecko) Chrome/131.0.0.0 Safari/537.36; compatible; OAI-SearchBot/1.4; +https://openai.com/searchbot" 192 **0/192236**
66.249.65.33 - - [22/Jun/2026:05:32:38 -0700] "GET /?productSearch/pictureSearch?id=37887227971100 HTTP/1.1" 200 17623 "-" "Mozilla/5.0 (Linux; Android 6.0.1; Nexus 5X Build/MMB29P) AppleWebKit/537.36 (KHTML, like Gecko) Chrome/148.0.7778.96 Mobile Safari/537.36 (compatible; Googlebot/2.1; +http://www.google.com/bot.html)" 378 **0/378377**
168.144.187.130 - - [22/Jun/2026:05:32:39 -0700] "GET /favicon.ico HTTP/1.1" 200 4724 "https://wynnelawfirm.com/" "Mozilla/5.0 (X11; Linux x86_64; rv:142.0) Gecko/20100101 Firefox/142.0" 260 **0/260766**
74.7.243.48 - - [22/Jun/2026:05:32:39 -0700] "GET /?fileloc=/home/wynnelaw5142/public_html/wp-load.php&path=/home/wynnelaw5142/public_html HTTP/2.0" 200 4197 "https://wynnelawfirm.com/?product%2Fcategory%2Fview_more%2F12083930251100" "Mozilla/5.0 (Macintosh; Intel Mac OS X 10_15_7) AppleWebKit/537.36 (KHTML, like Gecko) Chrome/131.0.0.0 Safari/537.36; compatible; OAI-SearchBot/1.4; +https://openai.com/searchbot" 250 **0/250925**
74.7.227.20 - - [22/Jun/2026:05:32:40 -0700] "GET /?path=//usr HTTP/2.0" 415 83102 "https://wynnelawfirm.com/?path=/" "Mozilla/5.0 AppleWebKit/537.36 (KHTML, like Gecko; compatible; GPTBot/1.4; +https://openai.com/gptbot)" 251 **0/251703**
74.7.228.246 - - [22/Jun/2026:05:32:41 -0700] "GET /?path=/home/wynnelaw5142/public_html HTTP/2.0" 200 4724 "https://wynnelawfirm.com/?product%2Fcategory%2Fview_more%2F12083930251100" "Mozilla/5.0 (Macintosh; Intel Mac OS X 10_15_7) AppleWebKit/537.36 (KHTML, like Gecko) Chrome/131.0.0.0 Safari/537.36; compatible; OAI-SearchBot/1.4; +https://openai.com/searchbot" 190 **0/190196**
66.249.65.32 - - [22/Jun/2026:05:32:41 -0700] "GET /?productSearch/pictureSearch?id=19496417191100 HTTP/1.1" 200 17000 "-" "Mozilla/5.0 (Linux; Android 6.0.1; Nexus 5X Build/MMB29P) AppleWebKit/537.36 (KHTML, like Gecko) Chrome/148.0.7778.96 Mobile Safari/537.36 (compatible; Googlebot/2.1; +http://www.google.com/bot.html)" 399 **0/399890**
74.7.228.246 - - [22/Jun/2026:05:32:42 -0700] "GET /?path=/home/wynnelaw5142/public_html/.easyssl_backup HTTP/2.0" 200 3307 "https://wynnelawfirm.com/?product%2Fcategory%2Fview_more%2F12083930251100" "Mozilla/5.0 (Macintosh; Intel Mac OS X 10_15_7) AppleWebKit/537.36 (KHTML, like Gecko) Chrome/131.0.0.0 Safari/537.36; compatible; OAI-SearchBot/1.4; +https://openai.com/searchbot" 175 **0/175615**
66.249.65.32 - - [22/Jun/2026:05:32:42 -0700] "GET /?shop/sold?id=top53301437071100 HTTP/1.1" 200 17375 "-" "Mozilla/5.0 (Linux; Android 6.0.1; Nexus 5X Build/MMB29P) AppleWebKit/537.36 (KHTML, like Gecko) Chrome/148.0.7778.96 Mobile Safari/537.36 (compatible; Googlebot/2.1; +http://www.google.com/bot.html)" 923 **0/923528**
66.249.65.32 - - [22/Jun/2026:05:32:42 -0700] "GET /?shop/sold?id=top55880188351100 HTTP/1.1" 200 17195 "-" "Mozilla/5.0 (Linux; Android 6.0.1; Nexus 5X Build/MMB29P) AppleWebKit/537.36 (KHTML, like Gecko) Chrome/148.0.7778.96 Mobile Safari/537.36 (compatible; GoogleOther)" 540 **0/540877**
66.249.65.34 - - [22/Jun/2026:05:32:43 -0700] "GET /?productSearch/pictureSearch?id=13026419071100 HTTP/1.1" 200 17021 "-" "Mozilla/5.0 (Linux; Android 6.0.1; Nexus 5X Build/MMB29P) AppleWebKit/537.36 (KHTML, like Gecko) Chrome/148.0.7778.96 Mobile Safari/537.36 (compatible; Googlebot/2.1; +http://www.google.com/bot.html)" 380 **0/380304**
74.7.227.20 - - [22/Jun/2026:05:32:43 -0700] "GET /?path=//bin HTTP/2.0" 415 83102 "https://wynnelawfirm.com/?path=/" "Mozilla/5.0 AppleWebKit/537.36 (KHTML, like Gecko; compatible; GPTBot/1.4; +https://openai.com/gptbot)" 175 **0/175317**
74.7.229.132 - - [22/Jun/2026:05:32:44 -0700] "GET /?path=/home/wynnelaw5142/public_html/.htpasswds HTTP/2.0" 415 83102 "https://wynnelawfirm.com/?product%2Fcategory%2Fview_more%2F12083930251100" "Mozilla/5.0 (Macintosh; Intel Mac OS X 10_15_7) AppleWebKit/537.36 (KHTML, like Gecko) Chrome/131.0.0.0 Safari/537.36; compatible; OAI-SearchBot/1.4; +https://openai.com/searchbot" 198 **0/198842**
66.249.65.32 - - [22/Jun/2026:05:32:45 -0700] "GET /?l=37230980191100 HTTP/1.1" 200 17660 "-" "Mozilla/5.0 (Linux; Android 6.0.1; Nexus 5X Build/MMB29P) AppleWebKit/537.36 (KHTML, like Gecko) Chrome/148.0.7778.96 Mobile Safari/537.36 (compatible; Googlebot/2.1; +http://www.google.com/bot.html)" 383 **0/383194**
66.249.65.33 - - [22/Jun/2026:05:32:45 -0700] "GET /?product/review/57862956211100 HTTP/1.1" 200 17551 "-" "Mozilla/5.0 (Linux; Android 6.0.1; Nexus 5X Build/MMB29P) AppleWebKit/537.36 (KHTML, like Gecko) Chrome/148.0.7778.96 Mobile Safari/537.36 (compatible; Googlebot/2.1; +http://www.google.com/bot.html)" 569 **0/569656**
66.249.65.32 - - [22/Jun/2026:05:32:45 -0700] "GET /?productSearch/pictureSearch?id=43307998351100 HTTP/1.1" 200 17739 "-" "Mozilla/5.0 (Linux; Android 6.0.1; Nexus 5X Build/MMB29P) AppleWebKit/537.36 (KHTML, like Gecko) Chrome/148.0.7778.96 Mobile Safari/537.36 (compatible; Googlebot/2.1; +http://www.google.com/bot.html)" 595 **0/595415**
74.7.229.167 - - [22/Jun/2026:05:32:46 -0700] "GET /?path=/home/wynnelaw5142 HTTP/2.0" 415 83102 "https://wynnelawfirm.com/?product%2Fcategory%2Fview_more%2F12083930251100" "Mozilla/5.0 (Macintosh; Intel Mac OS X 10_15_7) AppleWebKit/537.36 (KHTML, like Gecko) Chrome/131.0.0.0 Safari/537.36; compatible; OAI-SearchBot/1.4; +https://openai.com/searchbot" 403 **0/403603**
57.141.14.85 - - [22/Jun/2026:05:32:46 -0700] "GET /?l=3106975831100 HTTP/2.0" 200 83102 "-" "meta-externalagent/1.1 (+https://developers.facebook.com/docs/sharing/webmasters/crawler)" 220 **0/220640**
74.7.227.20 - - [22/Jun/2026:05:32:46 -0700] "GET /?fileloc=//.mp&path=/ HTTP/2.0" 415 83102 "https://wynnelawfirm.com/?path=/" "Mozilla/5.0 AppleWebKit/537.36 (KHTML, like Gecko; compatible; GPTBot/1.4; +https://openai.com/gptbot)" 255 **0/255075**
74.7.243.48 - - [22/Jun/2026:05:32:47 -0700] "GET /?path=/home/wynnelaw5142/public_html/.tmb HTTP/2.0" 200 2582 "https://wynnelawfirm.com/?product%2Fcategory%2Fview_more%2F12083930251100" "Mozilla/5.0 (Macintosh; Intel Mac OS X 10_15_7) AppleWebKit/537.36 (KHTML, like Gecko) Chrome/131.0.0.0 Safari/537.36; compatible; OAI-SearchBot/1.4; +https://openai.com/searchbot" 227 **0/227058**
74.7.229.117 - - [22/Jun/2026:05:32:49 -0700] "GET /?fileloc=/home/wynnelaw5142/public_html/.user.ini&path=/home/wynnelaw5142/public_html HTTP/2.0" 415 83102 "https://wynnelawfirm.com/?product%2Fcategory%2Fview_more%2F12083930251100" "Mozilla/5.0 (Macintosh; Intel Mac OS X 10_15_7) AppleWebKit/537.36 (KHTML, like Gecko) Chrome/131.0.0.0 Safari/537.36; compatible; OAI-SearchBot/1.4; +https://openai.com/searchbot" 283 **0/283009**
66.249.65.34 - - [22/Jun/2026:05:32:48 -0700] "GET /?shop/sold?id=top27313825471100 HTTP/1.1" 200 16982 "-" "Mozilla/5.0 (Linux; Android 6.0.1; Nexus 5X Build/MMB29P) AppleWebKit/537.36 (KHTML, like Gecko) Chrome/148.0.7778.96 Mobile Safari/537.36 (compatible; Googlebot/2.1; +http://www.google.com/bot.html)" 724 **0/724930**
74.7.227.20 - - [22/Jun/2026:05:32:50 -0700] "GET /?path=//var HTTP/2.0" 415 83102 "https://wynnelawfirm.com/?path=/" "Mozilla/5.0 AppleWebKit/537.36 (KHTML, like Gecko; compatible; GPTBot/1.4; +https://openai.com/gptbot)" 240 **0/240521**
74.7.229.132 - - [22/Jun/2026:05:32:50 -0700] "GET /?fileloc=/home/wynnelaw5142/public_html/googleffcdbb1395f04c94.html&path=/home/wynnelaw5142/public_html HTTP/2.0" 415 83102 "https://wynnelawfirm.com/?product%2Fcategory%2Fview_more%2F12083930251100" "Mozilla/5.0 (Macintosh; Intel Mac OS X 10_15_7) AppleWebKit/537.36 (KHTML, like Gecko) Chrome/131.0.0.0 Safari/537.36; compatible; OAI-SearchBot/1.4; +https://openai.com/searchbot" 178 **0/178740**
66.249.65.34 - - [22/Jun/2026:05:32:50 -0700] "GET /?productSearch/pictureSearch?id=21157442611100 HTTP/1.1" 200 17313 "-" "Mozilla/5.0 (Linux; Android 6.0.1; Nexus 5X Build/MMB29P) AppleWebKit/537.36 (KHTML, like Gecko) Chrome/148.0.7778.96 Mobile Safari/537.36 (compatible; GoogleOther)" 385 **0/385839**
66.249.65.32 - - [22/Jun/2026:05:32:51 -0700] "GET /?productSearch/pictureSearch?id=51562954051100 HTTP/1.1" 200 17181 "-" "Mozilla/5.0 (Linux; Android 6.0.1; Nexus 5X Build/MMB29P) AppleWebKit/537.36 (KHTML, like Gecko) Chrome/148.0.7778.96 Mobile Safari/537.36 (compatible; GoogleOther)" 450 **0/450902**
74.7.229.167 - - [22/Jun/2026:05:32:51 -0700] "GET /?fileloc=/home/wynnelaw5142/public_html/google59c8bb44196919b8.html&path=/home/wynnelaw5142/public_html HTTP/2.0" 415 83102 "https://wynnelawfirm.com/?product%2Fcategory%2Fview_more%2F12083930251100" "Mozilla/5.0 (Macintosh; Intel Mac OS X 10_15_7) AppleWebKit/537.36 (KHTML, like Gecko) Chrome/131.0.0.0 Safari/537.36; compatible; OAI-SearchBot/1.4; +https://openai.com/searchbot" 184 **0/184011**
74.7.229.117 - - [22/Jun/2026:05:32:52 -0700] "GET /?fileloc=/home/wynnelaw5142/public_html/googled04d588160dddfa6.html&path=/home/wynnelaw5142/public_html HTTP/2.0" 415 83102 "https://wynnelawfirm.com/?product%2Fcategory%2Fview_more%2F12083930251100" "Mozilla/5.0 (Macintosh; Intel Mac OS X 10_15_7) AppleWebKit/537.36 (KHTML, like Gecko) Chrome/131.0.0.0 Safari/537.36; compatible; OAI-SearchBot/1.4; +https://openai.com/searchbot" 189 **0/189592**
66.249.65.33 - - [22/Jun/2026:05:32:52 -0700] "GET /?shop/sold?id=top15687322351100 HTTP/1.1" 200 17813 "-" "Mozilla/5.0 (Linux; Android 6.0.1; Nexus 5X Build/MMB29P) AppleWebKit/537.36 (KHTML, like Gecko) Chrome/148.0.7778.96 Mobile Safari/537.36 (compatible; Googlebot/2.1; +http://www.google.com/bot.html)" 1044 **1/1044012**
74.7.227.20 - - [22/Jun/2026:05:32:53 -0700] "GET /?path=//home HTTP/2.0" 415 83102 "https://wynnelawfirm.com/?path=/" "Mozilla/5.0 AppleWebKit/537.36 (KHTML, like Gecko; compatible; GPTBot/1.4; +https://openai.com/gptbot)" 176 **0/176655**
74.7.242.140 - - [22/Jun/2026:05:32:54 -0700] "GET /?fileloc=/home/wynnelaw5142/public_html/404.shtml&path=/home/wynnelaw5142/public_html HTTP/2.0" 415 83102 "https://wynnelawfirm.com/?product%2Fcategory%2Fview_more%2F12083930251100" "Mozilla/5.0 (Macintosh; Intel Mac OS X 10_15_7) AppleWebKit/537.36 (KHTML, like Gecko) Chrome/131.0.0.0 Safari/537.36; compatible; OAI-SearchBot/1.4; +https://openai.com/searchbot" 234 **0/234043**
74.7.229.117 - - [22/Jun/2026:05:32:55 -0700] "GET /?fileloc=/home/wynnelaw5142/public_html/home.html&path=/home/wynnelaw5142/public_html HTTP/2.0" 415 83102 "https://wynnelawfirm.com/?product%2Fcategory%2Fview_more%2F12083930251100" "Mozilla/5.0 (Macintosh; Intel Mac OS X 10_15_7) AppleWebKit/537.36 (KHTML, like Gecko) Chrome/131.0.0.0 Safari/537.36; compatible; OAI-SearchBot/1.4; +https://openai.com/searchbot" 181 **0/181509**
66.249.65.32 - - [22/Jun/2026:05:32:55 -0700] "GET /?product/review/58394597011100 HTTP/1.1" 200 18039 "-" "Mozilla/5.0 (Linux; Android 6.0.1; Nexus 5X Build/MMB29P) AppleWebKit/537.36 (KHTML, like Gecko) Chrome/148.0.7778.96 Mobile Safari/537.36 (compatible; Googlebot/2.1; +http://www.google.com/bot.html)" 412 **0/412012**
74.7.227.20 - - [22/Jun/2026:05:32:56 -0700] "GET /?path=//etc HTTP/2.0" 415 83102 "https://wynnelawfirm.com/?path=/" "Mozilla/5.0 AppleWebKit/537.36 (KHTML, like Gecko; compatible; GPTBot/1.4; +https://openai.com/gptbot)" 191 **0/191546**
74.7.243.48 - - [22/Jun/2026:05:32:57 -0700] "GET /?fileloc=/home/wynnelaw5142/public_html/license.txt&path=/home/wynnelaw5142/public_html HTTP/2.0" 200 9875 "https://wynnelawfirm.com/?product%2Fcategory%2Fview_more%2F12083930251100" "Mozilla/5.0 (Macintosh; Intel Mac OS X 10_15_7) AppleWebKit/537.36 (KHTML, like Gecko) Chrome/131.0.0.0 Safari/537.36; compatible; OAI-SearchBot/1.4; +https://openai.com/searchbot" 183 **0/183779**
74.7.242.140 - - [22/Jun/2026:05:32:58 -0700] "GET /?fileloc=/home/wynnelaw5142/public_html/.ftpquota&path=/home/wynnelaw5142/public_html HTTP/2.0" 415 83102 "https://wynnelawfirm.com/?product%2Fcategory%2Fview_more%2F12083930251100" "Mozilla/5.0 (Macintosh; Intel Mac OS X 10_15_7) AppleWebKit/537.36 (KHTML, like Gecko) Chrome/131.0.0.0 Safari/537.36; compatible; OAI-SearchBot/1.4; +https://openai.com/searchbot" 181 **0/181353**
66.249.65.33 - - [22/Jun/2026:05:32:58 -0700] "GET /?l=7269294931100 HTTP/1.1" 200 17457 "-" "Mozilla/5.0 (Linux; Android 6.0.1; Nexus 5X Build/MMB29P) AppleWebKit/537.36 (KHTML, like Gecko) Chrome/148.0.7778.96 Mobile Safari/537.36 (compatible; Googlebot/2.1; +http://www.google.com/bot.html)" 371 **0/371529**
74.7.227.20 - - [22/Jun/2026:05:32:59 -0700] "GET /?path=//sbin HTTP/2.0" 415 83102 "https://wynnelawfirm.com/?path=/" "Mozilla/5.0 AppleWebKit/537.36 (KHTML, like Gecko; compatible; GPTBot/1.4; +https://openai.com/gptbot)" 169 **0/169060**
66.249.65.34 - - [22/Jun/2026:05:32:58 -0700] "GET /?productSearch/pictureSearch?id=45854270251100 HTTP/1.1" 200 17725 "-" "Mozilla/5.0 (Linux; Android 6.0.1; Nexus 5X Build/MMB29P) AppleWebKit/537.36 (KHTML, like Gecko) Chrome/148.0.7778.96 Mobile Safari/537.36 (compatible; GoogleOther)" 1195 **1/1195009**
74.7.228.246 - - [22/Jun/2026:05:32:59 -0700] "GET /?fileloc=/home/wynnelaw5142/public_html/.htaccess&path=/home/wynnelaw5142/public_html HTTP/2.0" 200 3384 "https://wynnelawfirm.com/?product%2Fcategory%2Fview_more%2F12083930251100" "Mozilla/5.0 (Macintosh; Intel Mac OS X 10_15_7) AppleWebKit/537.36 (KHTML, like Gecko) Chrome/131.0.0.0 Safari/537.36; compatible; OAI-SearchBot/1.4; +https://openai.com/searchbot" 181 **0/181370**
74.7.229.117 - - [22/Jun/2026:05:33:00 -0700] "GET /?fileloc=/home/wynnelaw5142/public_html/error_log&path=/home/wynnelaw5142/public_html HTTP/2.0" 415 83102 "https://wynnelawfirm.com/?product%2Fcategory%2Fview_more%2F12083930251100" "Mozilla/5.0 (Macintosh; Intel Mac OS X 10_15_7) AppleWebKit/537.36 (KHTML, like Gecko) Chrome/131.0.0.0 Safari/537.36; compatible; OAI-SearchBot/1.4; +https://openai.com/searchbot" 175 **0/175876**
57.141.14.41 - - [22/Jun/2026:05:33:01 -0700] "GET /?l=56471741431100 HTTP/2.0" 200 83102 "-" "meta-externalagent/1.1 (+https://developers.facebook.com/docs/sharing/webmasters/crawler)" 203 **0/203630**
74.7.229.116 - - [22/Jun/2026:05:33:01 -0700] "GET /?fileloc=/home/wynnelaw5142/public_html/robots.txt&path=/home/wynnelaw5142/public_html HTTP/2.0" 415 69 "https://wynnelawfirm.com/?product%2Fcategory%2Fview_more%2F12083930251100" "Mozilla/5.0 (Macintosh; Intel Mac OS X 10_15_7) AppleWebKit/537.36 (KHTML, like Gecko) Chrome/131.0.0.0 Safari/537.36; compatible; OAI-SearchBot/1.4; +https://openai.com/searchbot" 205 **0/205488**
66.249.65.34 - - [22/Jun/2026:05:33:02 -0700] "GET /?productSearch/pictureSearch?id=8524841551100 HTTP/1.1" 200 17282 "-" "Mozilla/5.0 (Linux; Android 6.0.1; Nexus 5X Build/MMB29P) AppleWebKit/537.36 (KHTML, like Gecko) Chrome/148.0.7778.96 Mobile Safari/537.36 (compatible; Googlebot/2.1; +http://www.google.com/bot.html)" 400 **0/400922**
74.7.227.20 - - [22/Jun/2026:05:33:02 -0700] "GET /?path=//lib HTTP/2.0" 415 83102 "https://wynnelawfirm.com/?path=/" "Mozilla/5.0 AppleWebKit/537.36 (KHTML, like Gecko; compatible; GPTBot/1.4; +https://openai.com/gptbot)" 212 **0/212374**
74.7.243.50 - - [22/Jun/2026:05:33:02 -0700] "GET /?path=/home/wynnelaw5142/public_html/wp-admin HTTP/2.0" 415 83102 "https://wynnelawfirm.com/?product%2Fcategory%2Fview_more%2F12083930251100" "Mozilla/5.0 (Macintosh; Intel Mac OS X 10_15_7) AppleWebKit/537.36 (KHTML, like Gecko) Chrome/131.0.0.0 Safari/537.36; compatible; OAI-SearchBot/1.4; +https://openai.com/searchbot" 210 **0/210394**
74.7.242.140 - - [22/Jun/2026:05:33:04 -0700] "GET /?fileloc=/home/wynnelaw5142/public_html/sitemap.xml.gz&path=/home/wynnelaw5142/public_html HTTP/2.0" 415 57952 "https://wynnelawfirm.com/?product%2Fcategory%2Fview_more%2F12083930251100" "Mozilla/5.0 (Macintosh; Intel Mac OS X 10_15_7) AppleWebKit/537.36 (KHTML, like Gecko) Chrome/131.0.0.0 Safari/537.36; compatible; OAI-SearchBot/1.4; +https://openai.com/searchbot" 448 **0/448325**
66.249.65.34 - - [22/Jun/2026:05:33:04 -0700] "GET /?product/review/13589013571100 HTTP/1.1" 200 17177 "-" "Mozilla/5.0 (Linux; Android 6.0.1; Nexus 5X Build/MMB29P) AppleWebKit/537.36 (KHTML, like Gecko) Chrome/148.0.7778.96 Mobile Safari/537.36 (compatible; Googlebot/2.1; +http://www.google.com/bot.html)" 646 **0/646148**
74.7.229.116 - - [22/Jun/2026:05:33:05 -0700] "GET /?path=/home/wynnelaw5142/public_html/wp-includes HTTP/2.0" 415 83102 "https://wynnelawfirm.com/?product%2Fcategory%2Fview_more%2F12083930251100" "Mozilla/5.0 (Macintosh; Intel Mac OS X 10_15_7) AppleWebKit/537.36 (KHTML, like Gecko) Chrome/131.0.0.0 Safari/537.36; compatible; OAI-SearchBot/1.4; +https://openai.com/searchbot" 185 **0/185709**
74.7.227.20 - - [22/Jun/2026:05:33:05 -0700] "GET /?path=//dev HTTP/2.0" 415 83102 "https://wynnelawfirm.com/?path=/" "Mozilla/5.0 AppleWebKit/537.36 (KHTML, like Gecko; compatible; GPTBot/1.4; +https://openai.com/gptbot)" 186 **0/186053**
66.249.65.32 - - [22/Jun/2026:05:33:05 -0700] "GET /?product/category/view_more/43407725011100 HTTP/1.1" 200 16941 "-" "Mozilla/5.0 (Linux; Android 6.0.1; Nexus 5X Build/MMB29P) AppleWebKit/537.36 (KHTML, like Gecko) Chrome/148.0.7778.96 Mobile Safari/537.36 (compatible; Googlebot/2.1; +http://www.google.com/bot.html)" 427 **0/427392**
74.7.228.246 - - [22/Jun/2026:05:33:06 -0700] "GET /?fileloc=/home/wynnelaw5142/public_html/.htaccess----&path=/home/wynnelaw5142/public_html HTTP/2.0" 200 3031 "https://wynnelawfirm.com/?product%2Fcategory%2Fview_more%2F12083930251100" "Mozilla/5.0 (Macintosh; Intel Mac OS X 10_15_7) AppleWebKit/537.36 (KHTML, like Gecko) Chrome/131.0.0.0 Safari/537.36; compatible; OAI-SearchBot/1.4; +https://openai.com/searchbot" 176 **0/176623**
74.7.243.50 - - [22/Jun/2026:05:33:07 -0700] "GET /?fileloc=/home/wynnelaw5142/public_html/.htaccess-------&path=/home/wynnelaw5142/public_html HTTP/2.0" 415 83102 "https://wynnelawfirm.com/?product%2Fcategory%2Fview_more%2F12083930251100" "Mozilla/5.0 (Macintosh; Intel Mac OS X 10_15_7) AppleWebKit/537.36 (KHTML, like Gecko) Chrome/131.0.0.0 Safari/537.36; compatible; OAI-SearchBot/1.4; +https://openai.com/searchbot" 207 **0/207280**
66.249.65.32 - - [22/Jun/2026:05:33:06 -0700] "GET /?productSearch/pictureSearch?id=11588583031100 HTTP/1.1" 200 17494 "-" "Mozilla/5.0 (Linux; Android 6.0.1; Nexus 5X Build/MMB29P) AppleWebKit/537.36 (KHTML, like Gecko) Chrome/148.0.7778.96 Mobile Safari/537.36 (compatible; GoogleOther)" 909 **0/909820**
74.7.243.48 - - [22/Jun/2026:05:33:08 -0700] "GET /?path=/home/wynnelaw5142/public_html/wp-content HTTP/2.0" 200 3629 "https://wynnelawfirm.com/?product%2Fcategory%2Fview_more%2F12083930251100" "Mozilla/5.0 (Macintosh; Intel Mac OS X 10_15_7) AppleWebKit/537.36 (KHTML, like Gecko) Chrome/131.0.0.0 Safari/537.36; compatible; OAI-SearchBot/1.4; +https://openai.com/searchbot" 181 **0/181782**
74.7.227.20 - - [22/Jun/2026:05:33:08 -0700] "GET /?path=//proc HTTP/2.0" 415 83102 "https://wynnelawfirm.com/?path=/" "Mozilla/5.0 AppleWebKit/537.36 (KHTML, like Gecko; compatible; GPTBot/1.4; +https://openai.com/gptbot)" 209 **0/209267**
66.249.65.32 - - [22/Jun/2026:05:33:08 -0700] "GET /?l=50549521111100 HTTP/1.1" 200 17912 "-" "Mozilla/5.0 (Linux; Android 6.0.1; Nexus 5X Build/MMB29P) AppleWebKit/537.36 (KHTML, like Gecko) Chrome/148.0.7778.96 Mobile Safari/537.36 (compatible; GoogleOther)" 773 **0/773286**
66.249.65.33 - - [22/Jun/2026:05:33:08 -0700] "GET /?l=5474215051100 HTTP/1.1" 200 16668 "-" "Mozilla/5.0 (Linux; Android 6.0.1; Nexus 5X Build/MMB29P) AppleWebKit/537.36 (KHTML, like Gecko) Chrome/148.0.7778.96 Mobile Safari/537.36 (compatible; Googlebot/2.1; +http://www.google.com/bot.html)" 581 **0/581409**
74.7.229.132 - - [22/Jun/2026:05:33:09 -0700] "GET /?fileloc=/home/wynnelaw5142/public_html/shop.php&path=/home/wynnelaw5142/public_html HTTP/2.0" 415 83102 "https://wynnelawfirm.com/?product%2Fcategory%2Fview_more%2F12083930251100" "Mozilla/5.0 (Macintosh; Intel Mac OS X 10_15_7) AppleWebKit/537.36 (KHTML, like Gecko) Chrome/131.0.0.0 Safari/537.36; compatible; OAI-SearchBot/1.4; +https://openai.com/searchbot" 306 **0/306502**
74.7.242.140 - - [22/Jun/2026:05:33:10 -0700] "GET /?fileloc=/home/wynnelaw5142/public_html/_php_info_kahlx_test.php&path=/home/wynnelaw5142/public_html HTTP/2.0" 415 83102 "https://wynnelawfirm.com/?product%2Fcategory%2Fview_more%2F12083930251100" "Mozilla/5.0 (Macintosh; Intel Mac OS X 10_15_7) AppleWebKit/537.36 (KHTML, like Gecko) Chrome/131.0.0.0 Safari/537.36; compatible; OAI-SearchBot/1.4; +https://openai.com/searchbot" 175 **0/175153**
66.249.65.32 - - [22/Jun/2026:05:33:09 -0700] "GET /?productSearch/pictureSearch?id=33667930591100 HTTP/1.1" 200 16667 "-" "Mozilla/5.0 (Linux; Android 6.0.1; Nexus 5X Build/MMB29P) AppleWebKit/537.36 (KHTML, like Gecko) Chrome/148.0.7778.96 Mobile Safari/537.36 (compatible; Googlebot/2.1; +http://www.google.com/bot.html)" 578 **0/578337**
66.249.65.33 - - [22/Jun/2026:05:33:10 -0700] "GET /?l=4361788951100 HTTP/1.1" 200 17277 "-" "Mozilla/5.0 (Linux; Android 6.0.1; Nexus 5X Build/MMB29P) AppleWebKit/537.36 (KHTML, like Gecko) Chrome/148.0.7778.96 Mobile Safari/537.36 (compatible; Googlebot/2.1; +http://www.google.com/bot.html)" 481 **0/481573**
66.249.65.33 - - [22/Jun/2026:05:33:09 -0700] "GET /?product/category/view_more/20375825011100 HTTP/1.1" 200 18094 "-" "Mozilla/5.0 (Linux; Android 6.0.1; Nexus 5X Build/MMB29P) AppleWebKit/537.36 (KHTML, like Gecko) Chrome/148.0.7778.96 Mobile Safari/537.36 (compatible; Googlebot/2.1; +http://www.google.com/bot.html)" 1148 **1/1148118**
74.7.243.48 - - [22/Jun/2026:05:33:10 -0700] "GET /?fileloc=/home/wynnelaw5142/public_html/xmlrpc.php&path=/home/wynnelaw5142/public_html HTTP/2.0" 200 3973 "https://wynnelawfirm.com/?product%2Fcategory%2Fview_more%2F12083930251100" "Mozilla/5.0 (Macintosh; Intel Mac OS X 10_15_7) AppleWebKit/537.36 (KHTML, like Gecko) Chrome/131.0.0.0 Safari/537.36; compatible; OAI-SearchBot/1.4; +https://openai.com/searchbot" 179 **0/179456**
74.7.229.116 - - [22/Jun/2026:05:33:12 -0700] "GET /?fileloc=/home/wynnelaw5142/public_html/index.php&path=/home/wynnelaw5142/public_html HTTP/2.0" 415 83102 "https://wynnelawfirm.com/?product%2Fcategory%2Fview_more%2F12083930251100" "Mozilla/5.0 (Macintosh; Intel Mac OS X 10_15_7) AppleWebKit/537.36 (KHTML, like Gecko) Chrome/131.0.0.0 Safari/537.36; compatible; OAI-SearchBot/1.4; +https://openai.com/searchbot" 187 **0/187293**
74.7.227.20 - - [22/Jun/2026:05:33:12 -0700] "GET /?path=//lib64 HTTP/2.0" 415 83102 "https://wynnelawfirm.com/?path=/" "Mozilla/5.0 AppleWebKit/537.36 (KHTML, like Gecko; compatible; GPTBot/1.4; +https://openai.com/gptbot)" 181 **0/181600**
74.7.229.116 - - [22/Jun/2026:05:33:12 -0700] "GET /?fileloc=/home/wynnelaw5142/public_html/wordfence-waf.php&path=/home/wynnelaw5142/public_html HTTP/2.0" 415 83102 "https://wynnelawfirm.com/?product%2Fcategory%2Fview_more%2F12083930251100" "Mozilla/5.0 (Macintosh; Intel Mac OS X 10_15_7) AppleWebKit/537.36 (KHTML, like Gecko) Chrome/131.0.0.0 Safari/537.36; compatible; OAI-SearchBot/1.4; +https://openai.com/searchbot" 180 **0/180774**
66.249.65.32 - - [22/Jun/2026:05:33:12 -0700] "GET /?productSearch/pictureSearch?id=9367075591100 HTTP/1.1" 200 17640 "-" "Mozilla/5.0 (Linux; Android 6.0.1; Nexus 5X Build/MMB29P) AppleWebKit/537.36 (KHTML, like Gecko) Chrome/148.0.7778.96 Mobile Safari/537.36 (compatible; Googlebot/2.1; +http://www.google.com/bot.html)" 1199 **1/1199320**
66.249.65.32 - - [22/Jun/2026:05:33:12 -0700] "GET /?productSearch/pictureSearch?id=51329260951100 HTTP/1.1" 200 17668 "-" "Mozilla/5.0 (Linux; Android 6.0.1; Nexus 5X Build/MMB29P) AppleWebKit/537.36 (KHTML, like Gecko) Chrome/148.0.7778.96 Mobile Safari/537.36 (compatible; Googlebot/2.1; +http://www.google.com/bot.html)" 1046 **1/1046356**
74.7.243.50 - - [22/Jun/2026:05:33:13 -0700] "GET /?fileloc=/home/wynnelaw5142/public_html/wp-mail.php&path=/home/wynnelaw5142/public_html HTTP/2.0" 415 83102 "https://wynnelawfirm.com/?product%2Fcategory%2Fview_more%2F12083930251100" "Mozilla/5.0 (Macintosh; Intel Mac OS X 10_15_7) AppleWebKit/537.36 (KHTML, like Gecko) Chrome/131.0.0.0 Safari/537.36; compatible; OAI-SearchBot/1.4; +https://openai.com/searchbot" 165 **0/165286**
74.7.229.116 - - [22/Jun/2026:05:33:14 -0700] "GET /?fileloc=/home/wynnelaw5142/public_html/wp-config.php&path=/home/wynnelaw5142/public_html HTTP/2.0" 415 83102 "https://wynnelawfirm.com/?product%2Fcategory%2Fview_more%2F12083930251100" "Mozilla/5.0 (Macintosh; Intel Mac OS X 10_15_7) AppleWebKit/537.36 (KHTML, like Gecko) Chrome/131.0.0.0 Safari/537.36; compatible; OAI-SearchBot/1.4; +https://openai.com/searchbot" 217 **0/217473**
66.249.65.32 - - [22/Jun/2026:05:33:14 -0700] "GET /?l=11913376831100 HTTP/1.1" 200 17196 "-" "Mozilla/5.0 (Linux; Android 6.0.1; Nexus 5X Build/MMB29P) AppleWebKit/537.36 (KHTML, like Gecko) Chrome/148.0.7778.96 Mobile Safari/537.36 (compatible; GoogleOther)" 373 **0/373576**
74.7.243.48 - - [22/Jun/2026:05:33:15 -0700] "GET /?fileloc=/home/wynnelaw5142/public_html/wp-links-opml.php&path=/home/wynnelaw5142/public_html HTTP/2.0" 200 3685 "https://wynnelawfirm.com/?product%2Fcategory%2Fview_more%2F12083930251100" "Mozilla/5.0 (Macintosh; Intel Mac OS X 10_15_7) AppleWebKit/537.36 (KHTML, like Gecko) Chrome/131.0.0.0 Safari/537.36; compatible; OAI-SearchBot/1.4; +https://openai.com/searchbot" 191 **0/191208**
66.249.65.32 - - [22/Jun/2026:05:33:14 -0700] "GET /?l=42075689011100 HTTP/1.1" 200 17167 "-" "Mozilla/5.0 (Linux; Android 6.0.1; Nexus 5X Build/MMB29P) AppleWebKit/537.36 (KHTML, like Gecko) Chrome/148.0.7778.96 Mobile Safari/537.36 (compatible; GoogleOther)" 605 **0/605312**
74.7.227.20 - - [22/Jun/2026:05:33:15 -0700] "GET /?path=//tmp HTTP/2.0" 415 83102 "https://wynnelawfirm.com/?path=/" "Mozilla/5.0 AppleWebKit/537.36 (KHTML, like Gecko; compatible; GPTBot/1.4; +https://openai.com/gptbot)" 192 **0/192645**
74.7.229.116 - - [22/Jun/2026:05:33:15 -0700] "GET /?fileloc=/home/wynnelaw5142/public_html/wp-cron.php&path=/home/wynnelaw5142/public_html HTTP/2.0" 415 83102 "https://wynnelawfirm.com/?product%2Fcategory%2Fview_more%2F12083930251100" "Mozilla/5.0 (Macintosh; Intel Mac OS X 10_15_7) AppleWebKit/537.36 (KHTML, like Gecko) Chrome/131.0.0.0 Safari/537.36; compatible; OAI-SearchBot/1.4; +https://openai.com/searchbot" 206 **0/206175**
66.249.65.32 - - [22/Jun/2026:05:33:15 -0700] "GET /?productSearch/pictureSearch?id=22861069711100 HTTP/1.1" 200 17557 "-" "Mozilla/5.0 (Linux; Android 6.0.1; Nexus 5X Build/MMB29P) AppleWebKit/537.36 (KHTML, like Gecko) Chrome/148.0.7778.96 Mobile Safari/537.36 (compatible; Googlebot/2.1; +http://www.google.com/bot.html)" 1218 **1/1218168**
66.249.65.32 - - [22/Jun/2026:05:33:15 -0700] "GET /?productSearch/pictureSearch?id=317886091100 HTTP/1.1" 200 17970 "-" "Mozilla/5.0 (Linux; Android 6.0.1; Nexus 5X Build/MMB29P) AppleWebKit/537.36 (KHTML, like Gecko) Chrome/148.0.7778.96 Mobile Safari/537.36 (compatible; Googlebot/2.1; +http://www.google.com/bot.html)" 1257 **1/1257197**
74.7.229.132 - - [22/Jun/2026:05:33:16 -0700] "GET /?fileloc=/home/wynnelaw5142/public_html/wp-activate.php&path=/home/wynnelaw5142/public_html HTTP/2.0" 415 83102 "https://wynnelawfirm.com/?product%2Fcategory%2Fview_more%2F12083930251100" "Mozilla/5.0 (Macintosh; Intel Mac OS X 10_15_7) AppleWebKit/537.36 (KHTML, like Gecko) Chrome/131.0.0.0 Safari/537.36; compatible; OAI-SearchBot/1.4; +https://openai.com/searchbot" 204 **0/204581**
74.7.243.50 - - [22/Jun/2026:05:33:17 -0700] "GET /?fileloc=/home/wynnelaw5142/public_html/wp-config-sample.php&path=/home/wynnelaw5142/public_html HTTP/2.0" 415 83102 "https://wynnelawfirm.com/?product%2Fcategory%2Fview_more%2F12083930251100" "Mozilla/5.0 (Macintosh; Intel Mac OS X 10_15_7) AppleWebKit/537.36 (KHTML, like Gecko) Chrome/131.0.0.0 Safari/537.36; compatible; OAI-SearchBot/1.4; +https://openai.com/searchbot" 183 **0/183989**
74.7.229.132 - - [22/Jun/2026:05:33:18 -0700] "GET /?fileloc=/home/wynnelaw5142/public_html/wp-settings.php&path=/home/wynnelaw5142/public_html HTTP/2.0" 415 83102 "https://wynnelawfirm.com/?product%2Fcategory%2Fview_more%2F12083930251100" "Mozilla/5.0 (Macintosh; Intel Mac OS X 10_15_7) AppleWebKit/537.36 (KHTML, like Gecko) Chrome/131.0.0.0 Safari/537.36; compatible; OAI-SearchBot/1.4; +https://openai.com/searchbot" 196 **0/196969**
74.7.227.20 - - [22/Jun/2026:05:33:18 -0700] "GET /?path=//opt HTTP/2.0" 415 83102 "https://wynnelawfirm.com/?path=/" "Mozilla/5.0 AppleWebKit/537.36 (KHTML, like Gecko; compatible; GPTBot/1.4; +https://openai.com/gptbot)" 730 **0/730035**
74.7.243.48 - - [22/Jun/2026:05:33:18 -0700] "GET /?fileloc=/home/wynnelaw5142/public_html/wp-trackback.php&path=/home/wynnelaw5142/public_html HTTP/2.0" 200 4452 "https://wynnelawfirm.com/?product%2Fcategory%2Fview_more%2F12083930251100" "Mozilla/5.0 (Macintosh; Intel Mac OS X 10_15_7) AppleWebKit/537.36 (KHTML, like Gecko) Chrome/131.0.0.0 Safari/537.36; compatible; OAI-SearchBot/1.4; +https://openai.com/searchbot" 652 **0/652114**
66.249.65.33 - - [22/Jun/2026:05:33:18 -0700] "GET /?product/category/view_more/29732262991100 HTTP/1.1" 200 17134 "-" "Mozilla/5.0 (Linux; Android 6.0.1; Nexus 5X Build/MMB29P) AppleWebKit/537.36 (KHTML, like Gecko) Chrome/148.0.7778.96 Mobile Safari/537.36 (compatible; Googlebot/2.1; +http://www.google.com/bot.html)" 514 **0/514619**
74.7.228.246 - - [22/Jun/2026:05:33:19 -0700] "GET /?fileloc=/home/wynnelaw5142/public_html/wp-comments-post.php&path=/home/wynnelaw5142/public_html HTTP/2.0" 200 3609 "https://wynnelawfirm.com/?product%2Fcategory%2Fview_more%2F12083930251100" "Mozilla/5.0 (Macintosh; Intel Mac OS X 10_15_7) AppleWebKit/537.36 (KHTML, like Gecko) Chrome/131.0.0.0 Safari/537.36; compatible; OAI-SearchBot/1.4; +https://openai.com/searchbot" 226 **0/226948**
74.7.229.116 - - [22/Jun/2026:05:33:20 -0700] "GET /?fileloc=/home/wynnelaw5142/public_html/wp-signup.php&path=/home/wynnelaw5142/public_html HTTP/2.0" 415 83102 "https://wynnelawfirm.com/?product%2Fcategory%2Fview_more%2F12083930251100" "Mozilla/5.0 (Macintosh; Intel Mac OS X 10_15_7) AppleWebKit/537.36 (KHTML, like Gecko) Chrome/131.0.0.0 Safari/537.36; compatible; OAI-SearchBot/1.4; +https://openai.com/searchbot" 195 **0/195131**
74.7.229.116 - - [22/Jun/2026:05:33:20 -0700] "GET /?fileloc=/home/wynnelaw5142/public_html/layout-styles.css&path=/home/wynnelaw5142/public_html HTTP/2.0" 415 83102 "https://wynnelawfirm.com/?product%2Fcategory%2Fview_more%2F12083930251100" "Mozilla/5.0 (Macintosh; Intel Mac OS X 10_15_7) AppleWebKit/537.36 (KHTML, like Gecko) Chrome/131.0.0.0 Safari/537.36; compatible; OAI-SearchBot/1.4; +https://openai.com/searchbot" 214 **0/214445**
66.249.65.33 - - [22/Jun/2026:05:33:20 -0700] "GET /?productSearch/pictureSearch?id=57831180991100 HTTP/1.1" 200 17059 "-" "Mozilla/5.0 (Linux; Android 6.0.1; Nexus 5X Build/MMB29P) AppleWebKit/537.36 (KHTML, like Gecko) Chrome/148.0.7778.96 Mobile Safari/537.36 (compatible; GoogleOther)" 392 **0/392489**
66.249.65.32 - - [22/Jun/2026:05:33:20 -0700] "GET /?productSearch/pictureSearch?id=36289488931100 HTTP/1.1" 200 16923 "-" "Mozilla/5.0 (Linux; Android 6.0.1; Nexus 5X Build/MMB29P) AppleWebKit/537.36 (KHTML, like Gecko) Chrome/148.0.7778.96 Mobile Safari/537.36 (compatible; Googlebot/2.1; +http://www.google.com/bot.html)" 512 **0/512972**
74.7.227.20 - - [22/Jun/2026:05:33:21 -0700] "GET /?path=//run HTTP/2.0" 415 83102 "https://wynnelawfirm.com/?path=/" "Mozilla/5.0 AppleWebKit/537.36 (KHTML, like Gecko; compatible; GPTBot/1.4; +https://openai.com/gptbot)" 272 **0/272441**
66.249.65.32 - - [22/Jun/2026:05:33:21 -0700] "GET /?shop/sold?id=top1499818651100 HTTP/1.1" 200 16925 "-" "Mozilla/5.0 (Linux; Android 6.0.1; Nexus 5X Build/MMB29P) AppleWebKit/537.36 (KHTML, like Gecko) Chrome/148.0.7778.96 Mobile Safari/537.36 (compatible; Googlebot/2.1; +http://www.google.com/bot.html)" 747 **0/747411**
66.249.65.33 - - [22/Jun/2026:05:33:22 -0700] "GET /?product/category/view_more/31571264851100 HTTP/1.1" 200 17171 "-" "Mozilla/5.0 (Linux; Android 6.0.1; Nexus 5X Build/MMB29P) AppleWebKit/537.36 (KHTML, like Gecko) Chrome/148.0.7778.96 Mobile Safari/537.36 (compatible; Googlebot/2.1; +http://www.google.com/bot.html)" 407 **0/407925**
66.249.65.33 - - [22/Jun/2026:05:33:22 -0700] "GET /?shop/sold?id=top56530304071100 HTTP/1.1" 200 17045 "-" "Mozilla/5.0 (Linux; Android 6.0.1; Nexus 5X Build/MMB29P) AppleWebKit/537.36 (KHTML, like Gecko) Chrome/148.0.7778.96 Mobile Safari/537.36 (compatible; GoogleOther)" 571 **0/571071**
74.7.227.20 - - [22/Jun/2026:05:33:24 -0700] "GET /?path=//root HTTP/2.0" 415 83102 "https://wynnelawfirm.com/?path=/" "Mozilla/5.0 AppleWebKit/537.36 (KHTML, like Gecko; compatible; GPTBot/1.4; +https://openai.com/gptbot)" 177 **0/177794**
66.249.65.33 - - [22/Jun/2026:05:33:25 -0700] "GET /?productSearch/pictureSearch?id=54523477411100 HTTP/1.1" 200 17034 "-" "Mozilla/5.0 (Linux; Android 6.0.1; Nexus 5X Build/MMB29P) AppleWebKit/537.36 (KHTML, like Gecko) Chrome/148.0.7778.96 Mobile Safari/537.36 (compatible; Googlebot/2.1; +http://www.google.com/bot.html)" 969 **0/969416**
74.7.227.20 - - [22/Jun/2026:05:33:28 -0700] "GET /?fileloc=/home/wynnelaw5142/public_html/.easyssl_backup/index.html&path=/home/wynnelaw5142/public_html/.easyssl_backup HTTP/2.0" 415 83102 "https://wynnelawfirm.com/?path=/home/wynnelaw5142/public_html/.easyssl_backup" "Mozilla/5.0 AppleWebKit/537.36 (KHTML, like Gecko; compatible; GPTBot/1.4; +https://openai.com/gptbot)" 210 **0/210009**
66.249.65.32 - - [22/Jun/2026:05:33:28 -0700] "GET /?productSearch/pictureSearch?id=27754130851100 HTTP/1.1" 200 16811 "-" "Mozilla/5.0 (Linux; Android 6.0.1; Nexus 5X Build/MMB29P) AppleWebKit/537.36 (KHTML, like Gecko) Chrome/148.0.7778.96 Mobile Safari/537.36 (compatible; Googlebot/2.1; +http://www.google.com/bot.html)" 566 **0/566858**
66.249.65.33 - - [22/Jun/2026:05:33:30 -0700] "GET /?productSearch/pictureSearch?id=7959283711100 HTTP/1.1" 200 17607 "-" "Mozilla/5.0 (Linux; Android 6.0.1; Nexus 5X Build/MMB29P) AppleWebKit/537.36 (KHTML, like Gecko) Chrome/148.0.7778.96 Mobile Safari/537.36 (compatible; GoogleOther)" 739 **0/739306**
74.7.227.20 - - [22/Jun/2026:05:33:31 -0700] "GET /?fileloc=/home/wynnelaw5142/public_html/.easyssl_backup/.htaccess&path=/home/wynnelaw5142/public_html/.easyssl_backup HTTP/2.0" 415 83102 "https://wynnelawfirm.com/?path=/home/wynnelaw5142/public_html/.easyssl_backup" "Mozilla/5.0 AppleWebKit/537.36 (KHTML, like Gecko; compatible; GPTBot/1.4; +https://openai.com/gptbot)" 195 **0/195263**
66.249.65.32 - - [22/Jun/2026:05:33:32 -0700] "GET /?l=21700496671100 HTTP/1.1" 200 17070 "-" "Mozilla/5.0 (Linux; Android 6.0.1; Nexus 5X Build/MMB29P) AppleWebKit/537.36 (KHTML, like Gecko) Chrome/148.0.7778.96 Mobile Safari/537.36 (compatible; Googlebot/2.1; +http://www.google.com/bot.html)" 428 **0/428226**
74.7.227.20 - - [22/Jun/2026:05:33:34 -0700] "GET /?fileloc=/home/wynnelaw5142/public_html/.easyssl_backup/sitemap.xml_easysslbackup.1661208506_1661208506files&path=/home/wynnelaw5142/public_html/.easyssl_backup HTTP/2.0" 415 57969 "https://wynnelawfirm.com/?path=/home/wynnelaw5142/public_html/.easyssl_backup" "Mozilla/5.0 AppleWebKit/537.36 (KHTML, like Gecko; compatible; GPTBot/1.4; +https://openai.com/gptbot)" 245 **0/245304**
66.249.65.33 - - [22/Jun/2026:05:33:35 -0700] "GET /?product/review/57742662211100 HTTP/1.1" 200 17052 "-" "Mozilla/5.0 (Linux; Android 6.0.1; Nexus 5X Build/MMB29P) AppleWebKit/537.36 (KHTML, like Gecko) Chrome/148.0.7778.96 Mobile Safari/537.36 (compatible; Googlebot/2.1; +http://www.google.com/bot.html)" 632 **0/632888**
74.7.227.20 - - [22/Jun/2026:05:33:37 -0700] "GET /?fileloc=/home/wynnelaw5142/public_html/.easyssl_backup/.htaccess_easysslbackup.1661208176_1661208176files&path=/home/wynnelaw5142/public_html/.easyssl_backup HTTP/2.0" 415 83102 "https://wynnelawfirm.com/?path=/home/wynnelaw5142/public_html/.easyssl_backup" "Mozilla/5.0 AppleWebKit/537.36 (KHTML, like Gecko; compatible; GPTBot/1.4; +https://openai.com/gptbot)" 180 **0/180876**
66.249.65.33 - - [22/Jun/2026:05:33:38 -0700] "GET /?shop/sold?id=top29214676051100 HTTP/1.1" 200 17664 "-" "Mozilla/5.0 (Linux; Android 6.0.1; Nexus 5X Build/MMB29P) AppleWebKit/537.36 (KHTML, like Gecko) Chrome/148.0.7778.96 Mobile Safari/537.36 (compatible; Googlebot/2.1; +http://www.google.com/bot.html)" 537 **0/537676**
66.249.65.34 - - [22/Jun/2026:05:33:39 -0700] "GET /?shop/sold?id=top38234349511100 HTTP/1.1" 200 17273 "-" "Mozilla/5.0 (Linux; Android 6.0.1; Nexus 5X Build/MMB29P) AppleWebKit/537.36 (KHTML, like Gecko) Chrome/148.0.7778.96 Mobile Safari/537.36 (compatible; GoogleOther)" 546 **0/546918**
74.7.227.20 - - [22/Jun/2026:05:33:40 -0700] "GET /?path=/home/wynnelaw5142/public_html/.easyssl_backup/wp-admin HTTP/2.0" 415 83102 "https://wynnelawfirm.com/?path=/home/wynnelaw5142/public_html/.easyssl_backup" "Mozilla/5.0 AppleWebKit/537.36 (KHTML, like Gecko; compatible; GPTBot/1.4; +https://openai.com/gptbot)" 179 **0/179627**
66.249.65.34 - - [22/Jun/2026:05:33:42 -0700] "GET /?productSearch/pictureSearch?id=52833816151100 HTTP/1.1" 200 16901 "-" "Mozilla/5.0 (Linux; Android 6.0.1; Nexus 5X Build/MMB29P) AppleWebKit/537.36 (KHTML, like Gecko) Chrome/148.0.7778.96 Mobile Safari/537.36 (compatible; Googlebot/2.1; +http://www.google.com/bot.html)" 517 **0/517232**
174.20.219.15 - - [22/Jun/2026:05:33:43 -0700] "GET /?l=38096099431100 HTTP/2.0" 301 - "https://www.google.com/" "Mozilla/5.0 (Windows NT 10.0; Win64; x64; rv:152.0) Gecko/20100101 Firefox/152.0" 242 **0/242691**
66.249.65.34 - - [22/Jun/2026:05:33:43 -0700] "GET /?product/category/view_more/48068442691100 HTTP/1.1" 200 17337 "-" "Mozilla/5.0 (Linux; Android 6.0.1; Nexus 5X Build/MMB29P) AppleWebKit/537.36 (KHTML, like Gecko) Chrome/148.0.7778.96 Mobile Safari/537.36 (compatible; Googlebot/2.1; +http://www.google.com/bot.html)" 509 **0/509209**
74.7.227.20 - - [22/Jun/2026:05:33:43 -0700] "GET /?path=/home/wynnelaw5142/public_html/.easyssl_backup/wp-includes HTTP/2.0" 415 83102 "https://wynnelawfirm.com/?path=/home/wynnelaw5142/public_html/.easyssl_backup" "Mozilla/5.0 AppleWebKit/537.36 (KHTML, like Gecko; compatible; GPTBot/1.4; +https://openai.com/gptbot)" 262 **0/262443**
66.249.65.33 - - [22/Jun/2026:05:33:45 -0700] "GET /?shop/sold?id=top28616550811100 HTTP/1.1" 200 17618 "-" "Mozilla/5.0 (Linux; Android 6.0.1; Nexus 5X Build/MMB29P) AppleWebKit/537.36 (KHTML, like Gecko) Chrome/148.0.7778.96 Mobile Safari/537.36 (compatible; Googlebot/2.1; +http://www.google.com/bot.html)" 596 **0/596404**
66.249.65.33 - - [22/Jun/2026:05:33:45 -0700] "GET /?productSearch/pictureSearch?id=14560050211100 HTTP/1.1" 200 17765 "-" "Mozilla/5.0 (Linux; Android 6.0.1; Nexus 5X Build/MMB29P) AppleWebKit/537.36 (KHTML, like Gecko) Chrome/148.0.7778.96 Mobile Safari/537.36 (compatible; GoogleOther)" 353 **0/353076**
66.249.65.34 - - [22/Jun/2026:05:33:46 -0700] "GET /?product/category/view_more/47586621211100 HTTP/1.1" 200 16981 "-" "Mozilla/5.0 (Linux; Android 6.0.1; Nexus 5X Build/MMB29P) AppleWebKit/537.36 (KHTML, like Gecko) Chrome/148.0.7778.96 Mobile Safari/537.36 (compatible; Googlebot/2.1; +http://www.google.com/bot.html)" 557 **0/557521**
74.7.227.20 - - [22/Jun/2026:05:33:47 -0700] "GET /?path=/home/wynnelaw5142/public_html/.easyssl_backup/wp-content HTTP/2.0" 415 83102 "https://wynnelawfirm.com/?path=/home/wynnelaw5142/public_html/.easyssl_backup" "Mozilla/5.0 AppleWebKit/537.36 (KHTML, like Gecko; compatible; GPTBot/1.4; +https://openai.com/gptbot)" 218 **0/218472**
66.249.65.33 - - [22/Jun/2026:05:33:48 -0700] "GET /?productSearch/pictureSearch?id=23025843151100 HTTP/1.1" 200 17637 "-" "Mozilla/5.0 (Linux; Android 6.0.1; Nexus 5X Build/MMB29P) AppleWebKit/537.36 (KHTML, like Gecko) Chrome/148.0.7778.96 Mobile Safari/537.36 (compatible; Googlebot/2.1; +http://www.google.com/bot.html)" 798 **0/798407**
66.249.65.33 - - [22/Jun/2026:05:33:49 -0700] "GET /?productSearch/pictureSearch?id=39137111971100 HTTP/1.1" 200 17193 "-" "Mozilla/5.0 (Linux; Android 6.0.1; Nexus 5X Build/MMB29P) AppleWebKit/537.36 (KHTML, like Gecko) Chrome/148.0.7778.96 Mobile Safari/537.36 (compatible; Googlebot/2.1; +http://www.google.com/bot.html)" 362 **0/362006**
74.7.227.20 - - [22/Jun/2026:05:33:50 -0700] "GET /?path=/home/wynnelaw5142/public_html/wp-content/cache HTTP/2.0" 415 83102 "https://wynnelawfirm.com/?path=/home/wynnelaw5142/public_html/wp-content" "Mozilla/5.0 AppleWebKit/537.36 (KHTML, like Gecko; compatible; GPTBot/1.4; +https://openai.com/gptbot)" 359 **0/359778**
66.249.65.32 - - [22/Jun/2026:05:33:50 -0700] "GET /?l=21512603311100 HTTP/1.1" 200 17092 "-" "Mozilla/5.0 (Linux; Android 6.0.1; Nexus 5X Build/MMB29P) AppleWebKit/537.36 (KHTML, like Gecko) Chrome/148.0.7778.96 Mobile Safari/537.36 (compatible; Googlebot/2.1; +http://www.google.com/bot.html)" 1113 **1/1113302**
57.141.14.28 - - [22/Jun/2026:05:33:51 -0700] "GET /?l=1053968011100 HTTP/2.0" 200 83102 "-" "meta-externalagent/1.1 (+https://developers.facebook.com/docs/sharing/webmasters/crawler)" 275 **0/275002**
66.249.65.33 - - [22/Jun/2026:05:33:52 -0700] "GET /?product/category/view_more/53574915211100 HTTP/1.1" 200 16910 "-" "Mozilla/5.0 (Linux; Android 6.0.1; Nexus 5X Build/MMB29P) AppleWebKit/537.36 (KHTML, like Gecko) Chrome/148.0.7778.96 Mobile Safari/537.36 (compatible; Googlebot/2.1; +http://www.google.com/bot.html)" 654 **0/654734**
74.7.227.20 - - [22/Jun/2026:05:33:53 -0700] "GET /?path=/home/wynnelaw5142/public_html/wp-content/themes HTTP/2.0" 415 83102 "https://wynnelawfirm.com/?path=/home/wynnelaw5142/public_html/wp-content" "Mozilla/5.0 AppleWebKit/537.36 (KHTML, like Gecko; compatible; GPTBot/1.4; +https://openai.com/gptbot)" 181 **0/181394**
66.249.65.34 - - [22/Jun/2026:05:33:53 -0700] "GET /?l=8232468451100 HTTP/1.1" 200 17064 "-" "Mozilla/5.0 (Linux; Android 6.0.1; Nexus 5X Build/MMB29P) AppleWebKit/537.36 (KHTML, like Gecko) Chrome/148.0.7778.96 Mobile Safari/537.36 (compatible; GoogleOther)" 506 **0/506786**
66.249.65.34 - - [22/Jun/2026:05:33:55 -0700] "GET /?product/category/view_more/35469494611100 HTTP/1.1" 200 17864 "-" "Mozilla/5.0 (Linux; Android 6.0.1; Nexus 5X Build/MMB29P) AppleWebKit/537.36 (KHTML, like Gecko) Chrome/148.0.7778.96 Mobile Safari/537.36 (compatible; Googlebot/2.1; +http://www.google.com/bot.html)" 582 **0/582901**
74.7.227.20 - - [22/Jun/2026:05:33:56 -0700] "GET /?path=/home/wynnelaw5142/public_html/wp-content/mu-plugins HTTP/2.0" 415 83102 "https://wynnelawfirm.com/?path=/home/wynnelaw5142/public_html/wp-content" "Mozilla/5.0 AppleWebKit/537.36 (KHTML, like Gecko; compatible; GPTBot/1.4; +https://openai.com/gptbot)" 201 **0/201664**
66.249.65.35 - - [22/Jun/2026:05:33:56 -0700] "GET /?l=57248488591100 HTTP/1.1" 200 17219 "-" "Mozilla/5.0 (Linux; Android 6.0.1; Nexus 5X Build/MMB29P) AppleWebKit/537.36 (KHTML, like Gecko) Chrome/148.0.7778.96 Mobile Safari/537.36 (compatible; GoogleOther)" 719 **0/719340**
66.249.65.33 - - [22/Jun/2026:05:33:58 -0700] "GET /?productSearch/pictureSearch?id=53282571451100 HTTP/1.1" 200 16951 "-" "Mozilla/5.0 (Linux; Android 6.0.1; Nexus 5X Build/MMB29P) AppleWebKit/537.36 (KHTML, like Gecko) Chrome/148.0.7778.96 Mobile Safari/537.36 (compatible; Googlebot/2.1; +http://www.google.com/bot.html)" 627 **0/627961**
